{"id":3870,"date":"2025-11-02T05:47:56","date_gmt":"2025-11-02T10:47:56","guid":{"rendered":"https:\/\/accefyn.org.co\/academia-joven\/?page_id=3870"},"modified":"2025-11-15T12:03:36","modified_gmt":"2025-11-15T17:03:36","slug":"historia","status":"publish","type":"page","link":"https:\/\/accefyn.org.co\/academia-joven\/historia\/","title":{"rendered":"Historia"},"content":{"rendered":"\t\t<div data-elementor-type=\"wp-page\" data-elementor-id=\"3870\" class=\"elementor elementor-3870\" data-elementor-post-type=\"page\">\n\t\t\t\t\t\t<section class=\"elementor-section elementor-top-section elementor-element elementor-element-195a1b1 elementor-section-boxed elementor-section-height-default elementor-section-height-default\" data-id=\"195a1b1\" data-element_type=\"section\">\n\t\t\t\t\t\t<div class=\"elementor-container elementor-column-gap-default\">\n\t\t\t\t\t<div class=\"elementor-column elementor-col-100 elementor-top-column elementor-element elementor-element-69f76be5\" data-id=\"69f76be5\" data-element_type=\"column\">\n\t\t\t<div class=\"elementor-widget-wrap elementor-element-populated\">\n\t\t\t\t\t\t<div class=\"elementor-element elementor-element-3862c3e7 elementor-widget elementor-widget-spacer\" data-id=\"3862c3e7\" data-element_type=\"widget\" data-widget_type=\"spacer.default\">\n\t\t\t\t<div class=\"elementor-widget-container\">\n\t\t\t\t\t\t\t<div class=\"elementor-spacer\">\n\t\t\t<div class=\"elementor-spacer-inner\"><\/div>\n\t\t<\/div>\n\t\t\t\t\t\t<\/div>\n\t\t\t\t<\/div>\n\t\t\t\t<div class=\"elementor-element elementor-element-2f0abd29 elementor-widget elementor-widget-text-editor\" data-id=\"2f0abd29\" data-element_type=\"widget\" data-widget_type=\"text-editor.default\">\n\t\t\t\t<div class=\"elementor-widget-container\">\n\t\t\t\t\t\t\t\t\t<p>Historia<\/p>\t\t\t\t\t\t\t\t<\/div>\n\t\t\t\t<\/div>\n\t\t\t\t\t<\/div>\n\t\t<\/div>\n\t\t\t\t\t<\/div>\n\t\t<\/section>\n\t\t\t\t<section class=\"elementor-section elementor-top-section elementor-element elementor-element-1e4c6692 elementor-section-boxed elementor-section-height-default elementor-section-height-default\" data-id=\"1e4c6692\" data-element_type=\"section\">\n\t\t\t\t\t\t<div class=\"elementor-container elementor-column-gap-default\">\n\t\t\t\t\t<div class=\"elementor-column elementor-col-100 elementor-top-column elementor-element elementor-element-165441e2\" data-id=\"165441e2\" data-element_type=\"column\">\n\t\t\t<div class=\"elementor-widget-wrap elementor-element-populated\">\n\t\t\t\t\t\t<div class=\"elementor-element elementor-element-303b5462 elementor-widget elementor-widget-text-editor\" data-id=\"303b5462\" data-element_type=\"widget\" data-widget_type=\"text-editor.default\">\n\t\t\t\t<div class=\"elementor-widget-container\">\n\t\t\t\t\t\t\t\t\t<p>La Academia Joven de Colombia\u00a0 fue establecida por Resoluci\u00f3n de la Junta Directiva No. 03 de 2019. como una comisi\u00f3n tem\u00e1tica y de apoyo institucional a la Academia Colombiana de Ciencias Exactas, F\u00edsicas y Naturales. Su sesi\u00f3n inaugural, se realiz\u00f3 el 16 de mayo de 2019 con las palabras del Dr. Enrique Forero presidente de la Academia Colombiana de Ciencias de aquel entonces.\u00a0 El Dr. Forero coment\u00f3 los puntos principales que originaron la idea, dando ejemplos que ya existen en varios pa\u00edses como Canad\u00e1, Estados Unidos, Brasil.<\/p>\t\t\t\t\t\t\t\t<\/div>\n\t\t\t\t<\/div>\n\t\t\t\t\t<\/div>\n\t\t<\/div>\n\t\t\t\t\t<\/div>\n\t\t<\/section>\n\t\t\t\t<section class=\"elementor-section elementor-top-section elementor-element elementor-element-7e9cd2f7 elementor-section-boxed elementor-section-height-default elementor-section-height-default\" data-id=\"7e9cd2f7\" data-element_type=\"section\">\n\t\t\t\t\t\t<div class=\"elementor-container elementor-column-gap-default\">\n\t\t\t\t\t<div class=\"elementor-column elementor-col-100 elementor-top-column elementor-element elementor-element-4bdab3fc\" data-id=\"4bdab3fc\" data-element_type=\"column\">\n\t\t\t<div class=\"elementor-widget-wrap elementor-element-populated\">\n\t\t\t\t\t\t<div class=\"elementor-element elementor-element-6173eece elementor-widget elementor-widget-spacer\" data-id=\"6173eece\" data-element_type=\"widget\" data-widget_type=\"spacer.default\">\n\t\t\t\t<div class=\"elementor-widget-container\">\n\t\t\t\t\t\t\t<div class=\"elementor-spacer\">\n\t\t\t<div class=\"elementor-spacer-inner\"><\/div>\n\t\t<\/div>\n\t\t\t\t\t\t<\/div>\n\t\t\t\t<\/div>\n\t\t\t\t\t<\/div>\n\t\t<\/div>\n\t\t\t\t\t<\/div>\n\t\t<\/section>\n\t\t\t\t<section class=\"elementor-section elementor-top-section elementor-element elementor-element-5403017 elementor-section-boxed elementor-section-height-default elementor-section-height-default\" data-id=\"5403017\" data-element_type=\"section\">\n\t\t\t\t\t\t<div class=\"elementor-container elementor-column-gap-default\">\n\t\t\t\t\t<div class=\"elementor-column elementor-col-100 elementor-top-column elementor-element elementor-element-7d7ded64\" data-id=\"7d7ded64\" data-element_type=\"column\">\n\t\t\t<div class=\"elementor-widget-wrap elementor-element-populated\">\n\t\t\t\t\t\t<div class=\"elementor-element elementor-element-2890d910 elementor-widget elementor-widget-image\" data-id=\"2890d910\" data-element_type=\"widget\" data-widget_type=\"image.default\">\n\t\t\t\t<div class=\"elementor-widget-container\">\n\t\t\t\t\t\t\t\t\t\t\t\t\t\t\t<img fetchpriority=\"high\" decoding=\"async\" width=\"620\" height=\"1024\" src=\"https:\/\/accefyn.org.co\/academia-joven\/wp-content\/uploads\/2025\/08\/infografias-acad-joven-colombia-Quilu2X-620x1024.png\" class=\"attachment-large size-large wp-image-2833\" alt=\"\" srcset=\"https:\/\/accefyn.org.co\/academia-joven\/wp-content\/uploads\/2025\/08\/infografias-acad-joven-colombia-Quilu2X-620x1024.png 620w, https:\/\/accefyn.org.co\/academia-joven\/wp-content\/uploads\/2025\/08\/infografias-acad-joven-colombia-Quilu2X-182x300.png 182w, https:\/\/accefyn.org.co\/academia-joven\/wp-content\/uploads\/2025\/08\/infografias-acad-joven-colombia-Quilu2X-768x1268.png 768w, https:\/\/accefyn.org.co\/academia-joven\/wp-content\/uploads\/2025\/08\/infografias-acad-joven-colombia-Quilu2X-930x1536.png 930w, https:\/\/accefyn.org.co\/academia-joven\/wp-content\/uploads\/2025\/08\/infografias-acad-joven-colombia-Quilu2X-1240x2048.png 1240w, https:\/\/accefyn.org.co\/academia-joven\/wp-content\/uploads\/2025\/08\/infografias-acad-joven-colombia-Quilu2X-scaled.png 1550w\" sizes=\"(max-width: 620px) 100vw, 620px\" \/>\t\t\t\t\t\t\t\t\t\t\t\t\t\t\t<\/div>\n\t\t\t\t<\/div>\n\t\t\t\t\t<\/div>\n\t\t<\/div>\n\t\t\t\t\t<\/div>\n\t\t<\/section>\n\t\t\t\t<section class=\"elementor-section elementor-top-section elementor-element elementor-element-daaafe2 elementor-section-content-space-evenly elementor-section-boxed elementor-section-height-default elementor-section-height-default\" data-id=\"daaafe2\" data-element_type=\"section\">\n\t\t\t\t\t\t<div class=\"elementor-container elementor-column-gap-default\">\n\t\t\t\t\t<div class=\"elementor-column elementor-col-33 elementor-top-column elementor-element elementor-element-8e6c028\" data-id=\"8e6c028\" data-element_type=\"column\">\n\t\t\t<div class=\"elementor-widget-wrap elementor-element-populated\">\n\t\t\t\t\t\t<div class=\"elementor-element elementor-element-5f24eaa2 elementor-widget elementor-widget-image\" data-id=\"5f24eaa2\" data-element_type=\"widget\" data-widget_type=\"image.default\">\n\t\t\t\t<div class=\"elementor-widget-container\">\n\t\t\t\t\t\t\t\t\t\t\t\t\t\t\t<img decoding=\"async\" width=\"750\" height=\"347\" src=\"https:\/\/accefyn.org.co\/academia-joven\/wp-content\/uploads\/2025\/09\/banner1-academia-joven7-1024x474.png\" class=\"attachment-large size-large wp-image-3497\" alt=\"\" srcset=\"https:\/\/accefyn.org.co\/academia-joven\/wp-content\/uploads\/2025\/09\/banner1-academia-joven7-1024x474.png 1024w, https:\/\/accefyn.org.co\/academia-joven\/wp-content\/uploads\/2025\/09\/banner1-academia-joven7-300x139.png 300w, https:\/\/accefyn.org.co\/academia-joven\/wp-content\/uploads\/2025\/09\/banner1-academia-joven7-768x355.png 768w, https:\/\/accefyn.org.co\/academia-joven\/wp-content\/uploads\/2025\/09\/banner1-academia-joven7-1536x711.png 1536w, https:\/\/accefyn.org.co\/academia-joven\/wp-content\/uploads\/2025\/09\/banner1-academia-joven7-2048x948.png 2048w\" sizes=\"(max-width: 750px) 100vw, 750px\" \/>\t\t\t\t\t\t\t\t\t\t\t\t\t\t\t<\/div>\n\t\t\t\t<\/div>\n\t\t\t\t<div class=\"elementor-element elementor-element-4f58899 elementor-widget elementor-widget-text-editor\" data-id=\"4f58899\" data-element_type=\"widget\" data-widget_type=\"text-editor.default\">\n\t\t\t\t<div class=\"elementor-widget-container\">\n\t\t\t\t\t\t\t\t\t<p>International Sciences Counsil Meeting<\/p>\t\t\t\t\t\t\t\t<\/div>\n\t\t\t\t<\/div>\n\t\t\t\t\t<\/div>\n\t\t<\/div>\n\t\t\t\t<div class=\"elementor-column elementor-col-33 elementor-top-column elementor-element elementor-element-13c4f90b\" data-id=\"13c4f90b\" data-element_type=\"column\">\n\t\t\t<div class=\"elementor-widget-wrap elementor-element-populated\">\n\t\t\t\t\t\t<div class=\"elementor-element elementor-element-534b7b56 elementor-widget elementor-widget-image\" data-id=\"534b7b56\" data-element_type=\"widget\" data-widget_type=\"image.default\">\n\t\t\t\t<div class=\"elementor-widget-container\">\n\t\t\t\t\t\t\t\t\t\t\t\t\t\t\t<img decoding=\"async\" width=\"750\" height=\"347\" src=\"https:\/\/accefyn.org.co\/academia-joven\/wp-content\/uploads\/2025\/09\/banner1-academia-joven6-1024x474.png\" class=\"attachment-large size-large wp-image-3496\" alt=\"\" srcset=\"https:\/\/accefyn.org.co\/academia-joven\/wp-content\/uploads\/2025\/09\/banner1-academia-joven6-1024x474.png 1024w, https:\/\/accefyn.org.co\/academia-joven\/wp-content\/uploads\/2025\/09\/banner1-academia-joven6-300x139.png 300w, https:\/\/accefyn.org.co\/academia-joven\/wp-content\/uploads\/2025\/09\/banner1-academia-joven6-768x355.png 768w, https:\/\/accefyn.org.co\/academia-joven\/wp-content\/uploads\/2025\/09\/banner1-academia-joven6-1536x711.png 1536w, https:\/\/accefyn.org.co\/academia-joven\/wp-content\/uploads\/2025\/09\/banner1-academia-joven6-2048x948.png 2048w\" sizes=\"(max-width: 750px) 100vw, 750px\" \/>\t\t\t\t\t\t\t\t\t\t\t\t\t\t\t<\/div>\n\t\t\t\t<\/div>\n\t\t\t\t<div class=\"elementor-element elementor-element-f1e4e0b elementor-widget elementor-widget-text-editor\" data-id=\"f1e4e0b\" data-element_type=\"widget\" data-widget_type=\"text-editor.default\">\n\t\t\t\t<div class=\"elementor-widget-container\">\n\t\t\t\t\t\t\t\t\t<p>Encuentro Colegio M\u00e1ximo de Academias<\/p>\t\t\t\t\t\t\t\t<\/div>\n\t\t\t\t<\/div>\n\t\t\t\t\t<\/div>\n\t\t<\/div>\n\t\t\t\t<div class=\"elementor-column elementor-col-33 elementor-top-column elementor-element elementor-element-546dbe94\" data-id=\"546dbe94\" data-element_type=\"column\">\n\t\t\t<div class=\"elementor-widget-wrap elementor-element-populated\">\n\t\t\t\t\t\t<div class=\"elementor-element elementor-element-3b33fea5 elementor-widget elementor-widget-image\" data-id=\"3b33fea5\" data-element_type=\"widget\" data-widget_type=\"image.default\">\n\t\t\t\t<div class=\"elementor-widget-container\">\n\t\t\t\t\t\t\t\t\t\t\t\t\t\t\t<img loading=\"lazy\" decoding=\"async\" width=\"750\" height=\"347\" src=\"https:\/\/accefyn.org.co\/academia-joven\/wp-content\/uploads\/2025\/09\/banner1-academia-joven4-1024x474.png\" class=\"attachment-large size-large wp-image-3494\" alt=\"\" srcset=\"https:\/\/accefyn.org.co\/academia-joven\/wp-content\/uploads\/2025\/09\/banner1-academia-joven4-1024x474.png 1024w, https:\/\/accefyn.org.co\/academia-joven\/wp-content\/uploads\/2025\/09\/banner1-academia-joven4-300x139.png 300w, https:\/\/accefyn.org.co\/academia-joven\/wp-content\/uploads\/2025\/09\/banner1-academia-joven4-768x355.png 768w, https:\/\/accefyn.org.co\/academia-joven\/wp-content\/uploads\/2025\/09\/banner1-academia-joven4-1536x711.png 1536w, https:\/\/accefyn.org.co\/academia-joven\/wp-content\/uploads\/2025\/09\/banner1-academia-joven4-2048x948.png 2048w\" sizes=\"(max-width: 750px) 100vw, 750px\" \/>\t\t\t\t\t\t\t\t\t\t\t\t\t\t\t<\/div>\n\t\t\t\t<\/div>\n\t\t\t\t<div class=\"elementor-element elementor-element-b542f5e elementor-widget elementor-widget-text-editor\" data-id=\"b542f5e\" data-element_type=\"widget\" data-widget_type=\"text-editor.default\">\n\t\t\t\t<div class=\"elementor-widget-container\">\n\t\t\t\t\t\t\t\t\t<p>Encuentro sobre Prospectiva Legislativa y Gobernanza Anticipatoria.<\/p>\t\t\t\t\t\t\t\t<\/div>\n\t\t\t\t<\/div>\n\t\t\t\t\t<\/div>\n\t\t<\/div>\n\t\t\t\t\t<\/div>\n\t\t<\/section>\n\t\t\t\t<section class=\"elementor-section elementor-top-section elementor-element elementor-element-7b06f664 elementor-section-content-space-evenly elementor-section-boxed elementor-section-height-default elementor-section-height-default\" data-id=\"7b06f664\" data-element_type=\"section\">\n\t\t\t\t\t\t<div class=\"elementor-container elementor-column-gap-default\">\n\t\t\t\t\t<div class=\"elementor-column elementor-col-33 elementor-top-column elementor-element elementor-element-4c7b7dc4\" data-id=\"4c7b7dc4\" data-element_type=\"column\">\n\t\t\t<div class=\"elementor-widget-wrap elementor-element-populated\">\n\t\t\t\t\t\t<div class=\"elementor-element elementor-element-6da83ae7 elementor-widget elementor-widget-image\" data-id=\"6da83ae7\" data-element_type=\"widget\" data-widget_type=\"image.default\">\n\t\t\t\t<div class=\"elementor-widget-container\">\n\t\t\t\t\t\t\t\t\t\t\t\t\t\t\t<img loading=\"lazy\" decoding=\"async\" width=\"750\" height=\"347\" src=\"https:\/\/accefyn.org.co\/academia-joven\/wp-content\/uploads\/2025\/09\/banner1-academia-joven8-1024x474.png\" class=\"attachment-large size-large wp-image-3498\" alt=\"\" srcset=\"https:\/\/accefyn.org.co\/academia-joven\/wp-content\/uploads\/2025\/09\/banner1-academia-joven8-1024x474.png 1024w, https:\/\/accefyn.org.co\/academia-joven\/wp-content\/uploads\/2025\/09\/banner1-academia-joven8-300x139.png 300w, https:\/\/accefyn.org.co\/academia-joven\/wp-content\/uploads\/2025\/09\/banner1-academia-joven8-768x355.png 768w, https:\/\/accefyn.org.co\/academia-joven\/wp-content\/uploads\/2025\/09\/banner1-academia-joven8-1536x711.png 1536w, https:\/\/accefyn.org.co\/academia-joven\/wp-content\/uploads\/2025\/09\/banner1-academia-joven8-2048x948.png 2048w\" sizes=\"(max-width: 750px) 100vw, 750px\" \/>\t\t\t\t\t\t\t\t\t\t\t\t\t\t\t<\/div>\n\t\t\t\t<\/div>\n\t\t\t\t<div class=\"elementor-element elementor-element-99e3400 elementor-widget elementor-widget-text-editor\" data-id=\"99e3400\" data-element_type=\"widget\" data-widget_type=\"text-editor.default\">\n\t\t\t\t<div class=\"elementor-widget-container\">\n\t\t\t\t\t\t\t\t\t<p>Red de academias J\u00f3venes de Iberoam\u00e9rica<\/p>\t\t\t\t\t\t\t\t<\/div>\n\t\t\t\t<\/div>\n\t\t\t\t\t<\/div>\n\t\t<\/div>\n\t\t\t\t<div class=\"elementor-column elementor-col-33 elementor-top-column elementor-element elementor-element-6d18a395\" data-id=\"6d18a395\" data-element_type=\"column\">\n\t\t\t<div class=\"elementor-widget-wrap elementor-element-populated\">\n\t\t\t\t\t\t<div class=\"elementor-element elementor-element-59a42744 elementor-widget elementor-widget-image\" data-id=\"59a42744\" data-element_type=\"widget\" data-widget_type=\"image.default\">\n\t\t\t\t<div class=\"elementor-widget-container\">\n\t\t\t\t\t\t\t\t\t\t\t\t\t\t\t<img loading=\"lazy\" decoding=\"async\" width=\"750\" height=\"499\" src=\"https:\/\/accefyn.org.co\/academia-joven\/wp-content\/uploads\/2025\/09\/evento-11-sept-1024x681.png\" class=\"attachment-large size-large wp-image-3235\" alt=\"\" srcset=\"https:\/\/accefyn.org.co\/academia-joven\/wp-content\/uploads\/2025\/09\/evento-11-sept-1024x681.png 1024w, https:\/\/accefyn.org.co\/academia-joven\/wp-content\/uploads\/2025\/09\/evento-11-sept-300x199.png 300w, https:\/\/accefyn.org.co\/academia-joven\/wp-content\/uploads\/2025\/09\/evento-11-sept-768x510.png 768w, https:\/\/accefyn.org.co\/academia-joven\/wp-content\/uploads\/2025\/09\/evento-11-sept-360x240.png 360w, https:\/\/accefyn.org.co\/academia-joven\/wp-content\/uploads\/2025\/09\/evento-11-sept.png 1184w\" sizes=\"(max-width: 750px) 100vw, 750px\" \/>\t\t\t\t\t\t\t\t\t\t\t\t\t\t\t<\/div>\n\t\t\t\t<\/div>\n\t\t\t\t<div class=\"elementor-element elementor-element-73eaf79 elementor-widget elementor-widget-text-editor\" data-id=\"73eaf79\" data-element_type=\"widget\" data-widget_type=\"text-editor.default\">\n\t\t\t\t<div class=\"elementor-widget-container\">\n\t\t\t\t\t\t\t\t\t<p>Reflexiones de la Misi\u00f3n Internacional de Sabios 2019 \/ COP16<\/p>\t\t\t\t\t\t\t\t<\/div>\n\t\t\t\t<\/div>\n\t\t\t\t\t<\/div>\n\t\t<\/div>\n\t\t\t\t<div class=\"elementor-column elementor-col-33 elementor-top-column elementor-element elementor-element-33ba0048\" data-id=\"33ba0048\" data-element_type=\"column\">\n\t\t\t<div class=\"elementor-widget-wrap elementor-element-populated\">\n\t\t\t\t\t\t<div class=\"elementor-element elementor-element-58c8c539 elementor-widget elementor-widget-image\" data-id=\"58c8c539\" data-element_type=\"widget\" data-widget_type=\"image.default\">\n\t\t\t\t<div class=\"elementor-widget-container\">\n\t\t\t\t\t\t\t\t\t\t\t\t\t\t\t<img loading=\"lazy\" decoding=\"async\" width=\"750\" height=\"419\" src=\"https:\/\/accefyn.org.co\/academia-joven\/wp-content\/uploads\/2025\/09\/Imagen1-1024x572.jpg\" class=\"attachment-large size-large wp-image-3209\" alt=\"\" srcset=\"https:\/\/accefyn.org.co\/academia-joven\/wp-content\/uploads\/2025\/09\/Imagen1-1024x572.jpg 1024w, https:\/\/accefyn.org.co\/academia-joven\/wp-content\/uploads\/2025\/09\/Imagen1-300x168.jpg 300w, https:\/\/accefyn.org.co\/academia-joven\/wp-content\/uploads\/2025\/09\/Imagen1-768x429.jpg 768w, https:\/\/accefyn.org.co\/academia-joven\/wp-content\/uploads\/2025\/09\/Imagen1-1536x858.jpg 1536w, https:\/\/accefyn.org.co\/academia-joven\/wp-content\/uploads\/2025\/09\/Imagen1-2048x1144.jpg 2048w\" sizes=\"(max-width: 750px) 100vw, 750px\" \/>\t\t\t\t\t\t\t\t\t\t\t\t\t\t\t<\/div>\n\t\t\t\t<\/div>\n\t\t\t\t<div class=\"elementor-element elementor-element-3303a19 elementor-widget elementor-widget-text-editor\" data-id=\"3303a19\" data-element_type=\"widget\" data-widget_type=\"text-editor.default\">\n\t\t\t\t<div class=\"elementor-widget-container\">\n\t\t\t\t\t\t\t\t\t<p>Encuentro sobre Prospectiva Legislativa y Gobernanza Anticipatoria.<\/p>\t\t\t\t\t\t\t\t<\/div>\n\t\t\t\t<\/div>\n\t\t\t\t\t<\/div>\n\t\t<\/div>\n\t\t\t\t\t<\/div>\n\t\t<\/section>\n\t\t\t\t<section class=\"elementor-section elementor-top-section elementor-element elementor-element-3c01b6a elementor-section-boxed elementor-section-height-default elementor-section-height-default\" data-id=\"3c01b6a\" data-element_type=\"section\">\n\t\t\t\t\t\t<div class=\"elementor-container elementor-column-gap-default\">\n\t\t\t\t\t<div class=\"elementor-column elementor-col-100 elementor-top-column elementor-element elementor-element-80aeae9\" data-id=\"80aeae9\" data-element_type=\"column\">\n\t\t\t<div class=\"elementor-widget-wrap elementor-element-populated\">\n\t\t\t\t\t\t<div class=\"elementor-element elementor-element-4a62941 elementor-widget elementor-widget-spacer\" data-id=\"4a62941\" data-element_type=\"widget\" data-widget_type=\"spacer.default\">\n\t\t\t\t<div class=\"elementor-widget-container\">\n\t\t\t\t\t\t\t<div class=\"elementor-spacer\">\n\t\t\t<div class=\"elementor-spacer-inner\"><\/div>\n\t\t<\/div>\n\t\t\t\t\t\t<\/div>\n\t\t\t\t<\/div>\n\t\t\t\t\t<\/div>\n\t\t<\/div>\n\t\t\t\t\t<\/div>\n\t\t<\/section>\n\t\t\t\t<\/div>\n\t\t","protected":false},"excerpt":{"rendered":"<p>Historia La Academia Joven de Colombia\u00a0 fue establecida por Resoluci\u00f3n de la Junta Directiva No. 03 de 2019. como una comisi\u00f3n tem\u00e1tica y de apoyo institucional a la Academia Colombiana de Ciencias Exactas, F\u00edsicas y Naturales. Su sesi\u00f3n inaugural, se realiz\u00f3 el 16 de mayo de 2019 con las palabras [&hellip;]<\/p>\n","protected":false},"author":1,"featured_media":0,"parent":0,"menu_order":0,"comment_status":"closed","ping_status":"closed","template":"elementor_canvas","meta":{"_acf_changed":false,"footnotes":""},"class_list":["post-3870","page","type-page","status-publish","hentry"],"acf":[],"_links":{"self":[{"href":"https:\/\/accefyn.org.co\/academia-joven\/wp-json\/wp\/v2\/pages\/3870","targetHints":{"allow":["GET"]}}],"collection":[{"href":"https:\/\/accefyn.org.co\/academia-joven\/wp-json\/wp\/v2\/pages"}],"about":[{"href":"https:\/\/accefyn.org.co\/academia-joven\/wp-json\/wp\/v2\/types\/page"}],"author":[{"embeddable":true,"href":"https:\/\/accefyn.org.co\/academia-joven\/wp-json\/wp\/v2\/users\/1"}],"replies":[{"embeddable":true,"href":"https:\/\/accefyn.org.co\/academia-joven\/wp-json\/wp\/v2\/comments?post=3870"}],"version-history":[{"count":19,"href":"https:\/\/accefyn.org.co\/academia-joven\/wp-json\/wp\/v2\/pages\/3870\/revisions"}],"predecessor-version":[{"id":4089,"href":"https:\/\/accefyn.org.co\/academia-joven\/wp-json\/wp\/v2\/pages\/3870\/revisions\/4089"}],"wp:attachment":[{"href":"https:\/\/accefyn.org.co\/academia-joven\/wp-json\/wp\/v2\/media?parent=3870"}],"curies":[{"name":"wp","href":"https:\/\/api.w.org\/{rel}","templated":true}]}}